mmon factor of 16 and m.
8
Let w = 6 + -2. Suppose w*g = -39 + 103. Let x = -7 - -11. What is the greatest common divisor of x and g?
4
Let g = -11 + 28. What is the greatest common factor of g and 187?
17
Let s be 15/4 - (-1)/4. Let o be 46/12 + (-6)/(-36). What is the greatest common divisor of s and o?
4
Suppose -5*g + 21 = -3*b, 4*b + 2*g = -2*g - 28. Let w(o) = -o + 3. Let s be w(b). What is the highest common divisor of s and 40?
10
Let n be (-6)/(-12) + 10/(-4). Let f = 1 - n. Suppose -300 = -2*i - f*i. Calculate the greatest common factor of 15 and i.
15
Let b = -23 + 33. What is the highest common factor of 90 and b?
10
Suppose -2*t + 8 = 2*t. Suppose -t*y + 174 = -56. What is the highest common divisor of y and 46?
23
Let f(x) be the second derivative of -8*x**3/3 - 3*x. Let k be f(-3). What is the greatest common factor of k and 8?
8
Suppose 0 = r - c - 10 - 3, 3*r + c - 27 = 0. Let z be (-696)/(-36) - (-2)/3. Calculate the greatest common divisor of z and r.
10
Let z be 12/2*(1 + 4/(-12)). What is the highest common factor of z and 64?
4
Let x(q) = -2*q - 9. Let y be x(-7). Suppose y*j + 32 = 9*j. What is the highest common divisor of 32 and j?
8
Let o be -2*(-4)/28*245/5. Suppose -d = 48 - 146. What is the highest common divisor of d and o?
14
Suppose 0 = 2*m + 4*w + 384, 3*m + 4*w = -0*w - 566. Let y be (-4)/(8/m) + -1. Calculate the highest common factor of 18 and y.
18
Let q be ((-2)/4)/(6/(-72)). Calculate the highest common factor of q and 9.
3
Let p(l) = -l**3 + l**2 - l + 11. Let t be p(0). Calculate the greatest common divisor of t and 88.
11
Suppose -3*g = -0*o + 4*o - 13, 5*o + 5*g = 15. Let z = 31 + -11. Calculate the greatest common factor of o and z.
4
Suppose 7*q - 2*q = 0. Let h(c) = 5 + q*c - 3 - c. Let z be h(-7). Calculate the greatest common divisor of z and 6.
3
Let a = 60 - 28. Let k = 45 - a. Calculate the highest common factor of 13 and k.
13
Let f = -3 - -5. Let u = 7 + f. What is the highest common factor of 63 and u?
9
Suppose -o - 12 = -5*n, 13 - 1 = o + n. Calculate the highest common divisor of 8 and o.
8
Suppose w + 9 - 11 = 0. Suppose v + 2*b + 4 = w*v, -3*b - 12 = -2*v. Calculate the highest common divisor of v and 8.
4
Suppose -3*j + 62 = -19. Calculate the greatest common factor of 36 and j.
9
Let x be 4/10 - 68/(-5). Calculate the highest common factor of x and 28.
14
Let k(v) = 34*v - 32. Let x be k(3). Suppose -3*r + 24 = -0*r - 3*t, -5*r = 5*t - 60. Calculate the greatest common factor of r and x.
10
Let k = 64 + -19. What is the greatest common factor of k and 9?
9
Let s(g) = -g**3 - 4*g**2 + 3*g + 11. Let p be s(-5). Let i = p + 70. What is the highest common divisor of i and 13?
13
Let n = 18 - 6. Let w be 22/5*(-30)/(-1). Calculate the highest common factor of n and w.
12
Let a(i) = -11*i + 4. Let r be a(-2). Suppose 2*y - 4*k = 30, 2*k = -3*y + y + 24. Calculate the highest common divisor of r and y.
13
Let q(m) be the second derivative of m**4/12 + m**3/2 + m**2/2 - m. Let d be q(-3). Let c = -10 - -13. Calculate the greatest common divisor of d and c.
1
Let r(i) = -i**3 + 6*i**2 - 6*i + 8. Let z be r(6). Let w = z + 145. Suppose 2*j + 0*j = 26. Calculate the highest common divisor of w and j.
13
Let z(p) = -p**3 + p + 88. Let u be z(0). Let n(c) = c**2 - 1. Let a be n(-3). Calculate the greatest common factor of a and u.
8
Let u be (-1 - (-17)/5)/((-24)/(-80)). Suppose -16 - 16 = -o. What is the highest common divisor of u and o?
8
Suppose 0*y + 3*y - 48 = 0. Calculate the greatest common divisor of y and 48.
16
Let h = -6 + 12. Suppose -4*v + v + 54 = 0. What is the greatest common factor of v and h?
6
Suppose -5*t + 100 = -140. Suppose -3*d - 3*l = -0*l - t, -2*d - 3*l = -30. Suppose x + 0*x = d. Calculate the greatest common factor of 45 and x.
9
Let i(p) = p**3 + p**2 - 4*p + 3. Let g = 3 - 0. Suppose -g*a + 3 = 5*y - 4, -2*a = 3*y - 4. Let r be i(y). Calculate the greatest common factor of 1 and r.
1
Let c(b) = -b**3 - b**2 + 2*b + 2. Let x be c(-3). What is the highest common factor of x and 28?
14
Let m be 1*(-1 - -14)*1. Suppose -3*f + o + 21 = -m, -54 = -4*f - 3*o. Suppose -z - 3*z = -528. Calculate the greatest common divisor of f and z.
12
Suppose s - 29 = -4*u, 51 = 2*s + 5*u - 4*u. Calculate the highest common factor of 5 and s.
5
Suppose -3*b = -p - 4*b - 2, 0 = -3*p - b + 4. Suppose -111 = -c + 2*n, -p*c + 2*c + 5*n = -102. What is the greatest common factor of c and 13?
13
Suppose 0 = -h + 281 + 280. Calculate the greatest common divisor of 51 and h.
51
Suppose -5*s = -s - 180. Let y = s - 9. Calculate the highest common divisor of y and 24.
12
Suppose 2*c + 66 = 4*c - 2*n, -3*n + 3 = 0. What is the greatest common factor of c and 238?
34
Let m = -1 - -12. Calculate the greatest common divisor of m and 33.
11
Let b(o) be the second derivative of -o**5/10 - o**4/6 + o**3/2 + o**2 - 2*o. Let t be b(-2). Calculate the highest common factor of t and 28.
4
Suppose 3*h - 80 = -20. What is the greatest common divisor of 40 and h?
20
Suppose 4*q - 12 = 0, j + 0*q - 3*q = 4. Calculate the greatest common factor of j and 143.
13
Let h(y) = 4*y**2 - 2*y - 2. Let n be h(-5). What is the greatest common divisor of n and 12?
12
Let j = -34 - -54. What is the highest common factor of j and 10?
10
Let b be (-4)/(-16) - (-42)/(-8). Let y = b + 8. Let o be (3*(-1 + y))/1. What is the greatest common factor of o and 4?
2
Let i = 5 + -1. Suppose 4*q - 16 = i*d, -3*q = -d - 0 - 8. Let f = d + 9. Calculate the highest common divisor of f and 49.
7
Suppose 0 = -3*v + 5*v - 6. Suppose 0 = -3*a - 4*g + 166, -v*a + 3*g + 105 = -a. Calculate the greatest common factor of 18 and a.
18
Suppose -17 = -3*o - 4*l, 4*l - 5 = o - 0*l. Let j be ((-2)/(-8))/((-1)/(-4)). What is the greatest common divisor of j and o?
1
Suppose 138 = -11*y + 457. What is the greatest common factor of y and 232?
29
Let h = -86 + 137. Calculate the greatest common divisor of 3 and h.
3
Suppose -7 = -3*u + 5. Suppose t - 14 - u = 0. Calculate the greatest common factor of t and 12.
6
Let i be (2 - 14/6)*-12. Suppose 0 = i*x - 3*c + 1626 + 50, 12 = 3*c. Let w be 4/18 + x/(-72). What is the highest common divisor of 4 and w?
2
Let q = -1 + 3. Suppose -3*z + q = 14. Let j be (-1 - -1) + z/(-2). What is the greatest common divisor of j and 2?
2
Suppose 5*z = 2*v - 60 + 285, z + 2*v = 45. Calculate the greatest common divisor of z and 30.
15
Suppose 3*n = -n. Suppose 2*x + 51 + 7 = 4*q, -x + 3 = n. Calculate the greatest common factor of 48 and q.
16
Let r(v) = v**2 + 5*v - 21. Let h be r(-9). What is the greatest common divisor of 15 and h?
15
Let o be 33/2*2/1. Let f = o - 21. What is the greatest common divisor of f and 108?
12
Suppose 13 = -h - 4*x, -19 = -h + 2*x + 2*x. Let l be 1 + h + -3 + 3. What is the greatest common factor of l and 16?
4
Suppose z = 3*l + 11, 2*z = -0*l + 4*l + 18. Calculate the highest common factor of 5 and z.
5
Let h(l) = 16*l**2 - l + 1. Let p be h(1). What is the greatest common divisor of 8 and p?
8
Let c(j) = 18*j - 4 + 4 + 3. Suppose 8*k - 11*k + 12 = 0. Let t be c(k). Calculate the highest common divisor of 30 and t.
15
Let i(u) = -7*u + 2*u + 4 - 6. Let l be i(-3). Let k = -1 + l. Calculate the greatest common factor of k and 6.
6
Let d be (33/(-55))/((2/20)/(-1)). Calculate the greatest common divisor of d and 96.
6
Suppose 6*q = 2*q + 540. Suppose 3*m = -0*m + q. Let u = 1 - -4. What is the highest common factor of u and m?
5
Let l(o) = o**3 - 5*o**2 - 5*o - 2. Let p be l(6). Let f be p/(-3)*(-9)/6. Calculate the greatest common factor of f and 8.
2
Let s(i) = -i - 1 - 1 + 3 + 3. Let g be s(0). Let p(j) = j**3 + 6*j**2 - 5*j - 6. Let o be p(-5). Calculate the greatest common divisor of o and g.
4
Let j(n) = -n**2 - 3*n - 1. Let d be j(5). Let x = d + 101. Suppose -4*k = g + k - x, k = -2*g + 84. What is the greatest common factor of g and 8?
8
Let n(x) = 6*x + 6. Let d be n(3). Let q = 4 + -1. Calculate the greatest common factor of q and d.
3
Suppose 4*z = 8, 2*o + 3*z - 261 = -79. Suppose -2*i + 5*i - 33 = 0. What is the greatest common divisor of o and i?
11
Let c(n) = -2*n**2 + 6*n - 7. Let p be c(-6). Let h = 224 + p. Let i = h - -34. Calculate the highest common factor of 13 and i.